{"id":771,"date":"2021-09-22T10:28:03","date_gmt":"2021-09-22T10:28:03","guid":{"rendered":"https:\/\/www.ichildforchild.org\/?page_id=771"},"modified":"2022-02-15T10:03:22","modified_gmt":"2022-02-15T10:03:22","slug":"videolar","status":"publish","type":"page","link":"https:\/\/www.ichildforchild.org\/index.php\/videolar\/","title":{"rendered":"Videolar"},"content":{"rendered":"\n<p><strong>\u00c7ocuk Haklar\u0131 S\u00f6zle\u015fmesi Animasyon Filmi \u0130\u015faret Dili<\/strong><\/p>\n\n\n\n<figure class=\"wp-block-embed is-type-video is-provider-youtube wp-block-embed-youtube wp-embed-aspect-16-9 wp-has-aspect-ratio\"><div class=\"wp-block-embed__wrapper\">\n<div class=\"tg-oembed-container\"><iframe loading=\"lazy\" title=\"\u00c7ocuk Haklar\u0131 S\u00f6zle\u015fmesi Animasyon Filmi \u0130\u015faret Dili\" width=\"812\" height=\"457\" src=\"https:\/\/www.youtube.com\/embed\/rknHU-2C9tE?feature=oembed\" frameborder=\"0\" allow=\"accelerometer; autoplay; clipboard-write; encrypted-media; gyroscope; picture-in-picture\" allowfullscreen><\/iframe><\/div>\n<\/div><\/figure>\n\n\n\n<p><strong>\u00c7ocuk Haklar\u0131 S\u00f6zle\u015fmesi Animasyon Filmi Sesli Betimleme<\/strong><\/p>\n\n\n\n<figure class=\"wp-block-embed is-type-video is-provider-youtube wp-block-embed-youtube wp-embed-aspect-16-9 wp-has-aspect-ratio\"><div class=\"wp-block-embed__wrapper\">\n<div class=\"tg-oembed-container\"><iframe loading=\"lazy\" title=\"\u00c7ocuk Haklar\u0131 S\u00f6zle\u015fmesi Animasyon Filmi Sesli Betimleme\" width=\"812\" height=\"457\" src=\"https:\/\/www.youtube.com\/embed\/_QB815GFPN4?feature=oembed\" frameborder=\"0\" allow=\"accelerometer; autoplay; clipboard-write; encrypted-media; gyroscope; picture-in-picture\" allowfullscreen><\/iframe><\/div>\n<\/div><\/figure>\n\n\n\n<p><strong>Hak \u0130hlallerine Kar\u015f\u0131 Ne Yapabilirim? \u0130\u015faret Dili<\/strong><\/p>\n\n\n\n<figure class=\"wp-block-embed is-type-video is-provider-youtube wp-block-embed-youtube wp-embed-aspect-16-9 wp-has-aspect-ratio\"><div class=\"wp-block-embed__wrapper\">\n<div class=\"tg-oembed-container\"><iframe loading=\"lazy\" title=\"Hak \u0130hlallerine Kar\u015f\u0131 Ne Yapabilirim? \u0130\u015faret Dili\" width=\"812\" height=\"457\" src=\"https:\/\/www.youtube.com\/embed\/JekRXAuX1hw?feature=oembed\" frameborder=\"0\" allow=\"accelerometer; autoplay; clipboard-write; encrypted-media; gyroscope; picture-in-picture\" allowfullscreen><\/iframe><\/div>\n<\/div><\/figure>\n\n\n\n<p><strong>Hak \u0130hlallerine Kar\u015f\u0131 Ne Yapabilirim? Sesli Betimleme<\/strong><\/p>\n\n\n\n<figure class=\"wp-block-embed is-type-video is-provider-youtube wp-block-embed-youtube wp-embed-aspect-16-9 wp-has-aspect-ratio\"><div class=\"wp-block-embed__wrapper\">\n<div class=\"tg-oembed-container\"><iframe loading=\"lazy\" title=\"Hak I\u0307hlallerine Kars\u0327\u0131 Ne Yapabilirim? Sesli Betimleme\" width=\"812\" height=\"457\" src=\"https:\/\/www.youtube.com\/embed\/KcUtkMOjXMU?feature=oembed\" frameborder=\"0\" allow=\"accelerometer; autoplay; clipboard-write; encrypted-media; gyroscope; picture-in-picture\" allowfullscreen><\/iframe><\/div>\n<\/div><\/figure>\n\n\n\n<p><strong>\u00c7ocuk Haklar\u0131 S\u00f6zle\u015fmesi Animasyon Filmi<\/strong><\/p>\n\n\n\n<figure class=\"wp-block-embed is-type-video is-provider-youtube wp-block-embed-youtube wp-embed-aspect-16-9 wp-has-aspect-ratio\"><div class=\"wp-block-embed__wrapper\">\n<div class=\"tg-oembed-container\"><iframe loading=\"lazy\" title=\"C\u0327ocuk Haklar\u0131 So\u0308zles\u0327mesi Animasyon Filmi\" width=\"812\" height=\"457\" src=\"https:\/\/www.youtube.com\/embed\/Tv3jgxgv4UI?start=2&#038;feature=oembed\" frameborder=\"0\" allow=\"accelerometer; autoplay; clipboard-write; encrypted-media; gyroscope; picture-in-picture\" allowfullscreen><\/iframe><\/div>\n<\/div><\/figure>\n\n\n\n<p><strong>Hak \u0130hlallerine Kar\u015f\u0131 Ne Yapabilirim?<\/strong><\/p>\n\n\n\n<figure class=\"wp-block-embed is-type-video is-provider-youtube wp-block-embed-youtube wp-embed-aspect-16-9 wp-has-aspect-ratio\"><div class=\"wp-block-embed__wrapper\">\n<div class=\"tg-oembed-container\"><iframe loading=\"lazy\" title=\"Hak I\u0307hlallerine Kars\u0327\u0131 Ne Yapabilirim?\" width=\"812\" height=\"457\" src=\"https:\/\/www.youtube.com\/embed\/acq2mWZs0N4?start=1&#038;feature=oembed\" frameborder=\"0\" allow=\"accelerometer; autoplay; clipboard-write; encrypted-media; gyroscope; picture-in-picture\" allowfullscreen><\/iframe><\/div>\n<\/div><\/figure>\n\n\n\n<p><strong>Online \u00c7ocuk Haklar\u0131 Zirvesi : 18 Kas\u0131m 2020<\/strong> &#8211; <a rel=\"noreferrer noopener\" href=\"https:\/\/www.youtube.com\/watch?v=JMbUfDVYEuo\" target=\"_blank\">\u0130zle<\/a><\/p>\n\n\n\n<p><\/p>\n\n\n\n<p><strong>Online \u00c7ocuk Haklar\u0131 Zirvesi : 17 Kas\u0131m 2020<\/strong> &#8211;<a href=\"https:\/\/www.youtube.com\/watch?v=JnlDSaSZgbA\"> <\/a><a href=\"https:\/\/www.youtube.com\/watch?v=JnlDSaSZgbA\" target=\"_blank\" rel=\"noreferrer noopener\">\u0130zle<\/a><\/p>\n\n\n\n<p><strong>Hayalleri Pe\u015finde Ko\u015fan T\u00fcm K\u0131z \u00c7ocuklar\u0131na&#8230;<\/strong><\/p>\n\n\n\n<figure class=\"wp-block-embed is-type-video is-provider-youtube wp-block-embed-youtube wp-embed-aspect-16-9 wp-has-aspect-ratio\"><div class=\"wp-block-embed__wrapper\">\n<div class=\"tg-oembed-container\"><iframe loading=\"lazy\" title=\"ICHILD - Hayalleri Pe\u015finde Ko\u015fan T\u00fcm K\u0131z \u00c7ocuklar\u0131na... #kadindiryapar\" width=\"812\" height=\"457\" src=\"https:\/\/www.youtube.com\/embed\/1NFBnyh03nI?feature=oembed\" frameborder=\"0\" allow=\"accelerometer; autoplay; clipboard-write; encrypted-media; gyroscope; picture-in-picture\" allowfullscreen><\/iframe><\/div>\n<\/div><\/figure>\n\n\n\n<p><strong>\u0130klim Adaleti ve \u00c7evre Haklar\u0131 Beyannamesi&#8217;ne Davet!<\/strong><\/p>\n\n\n\n<figure class=\"wp-block-embed is-type-video is-provider-youtube wp-block-embed-youtube wp-embed-aspect-16-9 wp-has-aspect-ratio\"><div class=\"wp-block-embed__wrapper\">\n<div class=\"tg-oembed-container\"><iframe loading=\"lazy\" title=\"ICHILD - \u0130klim Adaleti ve \u00c7evre Haklar\u0131 Beyannamesi&#039;ne Davet!\" width=\"812\" height=\"457\" src=\"https:\/\/www.youtube.com\/embed\/Aqoeq24kYho?feature=oembed\" frameborder=\"0\" allow=\"accelerometer; autoplay; clipboard-write; encrypted-media; gyroscope; picture-in-picture\" allowfullscreen><\/iframe><\/div>\n<\/div><\/figure>\n\n\n\n<p><strong>Bu Zamana Kadar Konu\u015fturmad\u0131n\u0131z, Art\u0131k #susuyoruz !<\/strong><\/p>\n\n\n\n<figure class=\"wp-block-embed is-type-video is-provider-youtube wp-block-embed-youtube wp-embed-aspect-16-9 wp-has-aspect-ratio\"><div class=\"wp-block-embed__wrapper\">\n<div class=\"tg-oembed-container\"><iframe loading=\"lazy\" title=\"ICHILD | Bu zamana kadar konu\u015fturmad\u0131n\u0131z, art\u0131k #susuyoruz !\" width=\"812\" height=\"457\" src=\"https:\/\/www.youtube.com\/embed\/CIsdr0wlGME?feature=oembed\" frameborder=\"0\" allow=\"accelerometer; autoplay; clipboard-write; encrypted-media; gyroscope; picture-in-picture\" allowfullscreen><\/iframe><\/div>\n<\/div><\/figure>\n\n\n\n<p><strong>23 Nisan 2020: \u00c7ocuklara Nas\u0131l Bir D\u00fcnya \u0130stediklerini Sorduk<\/strong><\/p>\n\n\n\n<figure class=\"wp-block-embed is-type-video is-provider-youtube wp-block-embed-youtube wp-embed-aspect-16-9 wp-has-aspect-ratio\"><div class=\"wp-block-embed__wrapper\">\n<div class=\"tg-oembed-container\"><iframe loading=\"lazy\" title=\"ICHILD - 23 Nisan 2020: \u00c7ocuklara Nas\u0131l Bir D\u00fcnya \u0130stediklerini Sorduk #23nisan #ichildforchild\" width=\"812\" height=\"457\" src=\"https:\/\/www.youtube.com\/embed\/6zgjR19zhAc?feature=oembed\" frameborder=\"0\" allow=\"accelerometer; autoplay; clipboard-write; encrypted-media; gyroscope; picture-in-picture\" allowfullscreen><\/iframe><\/div>\n<\/div><\/figure>\n\n\n\n<p><strong>20 Kas\u0131m \u00c7ocuk Haklar\u0131 At\u00f6lyesi<\/strong><\/p>\n\n\n\n<figure class=\"wp-block-embed is-type-video is-provider-youtube wp-block-embed-youtube wp-embed-aspect-16-9 wp-has-aspect-ratio\"><div class=\"wp-block-embed__wrapper\">\n<div class=\"tg-oembed-container\"><iframe loading=\"lazy\" title=\"ICHILD - 20 Kas\u0131m \u00c7ocuk Haklar\u0131 At\u00f6lyesi #ichildforchild #gelecegiyetistir #nurturethefuture\" width=\"812\" height=\"457\" src=\"https:\/\/www.youtube.com\/embed\/bLMgj59L3IU?feature=oembed\" frameborder=\"0\" allow=\"accelerometer; autoplay; clipboard-write; encrypted-media; gyroscope; picture-in-picture\" allowfullscreen><\/iframe><\/div>\n<\/div><\/figure>\n","protected":false},"excerpt":{"rendered":"<p>\u00c7ocuk Haklar\u0131 S\u00f6zle\u015fmesi Animasyon Filmi \u0130\u015faret Dili \u00c7ocuk Haklar\u0131 S\u00f6zle\u015fmesi Animasyon Filmi Sesli Betimleme Hak \u0130hlallerine Kar\u015f\u0131 Ne Yapabilirim? \u0130\u015faret Dili Hak \u0130hlallerine Kar\u015f\u0131 Ne Yapabilirim? Sesli Betimleme \u00c7ocuk Haklar\u0131 S\u00f6zle\u015fmesi Animasyon Filmi Hak \u0130hlallerine Kar\u015f\u0131 Ne Yapabilirim? Online \u00c7ocuk Haklar\u0131 Zirvesi : 18 Kas\u0131m 2020 &#8211; \u0130zle Online \u00c7ocuk Haklar\u0131 Zirvesi : 17 Kas\u0131m [&hellip;]<\/p>\n","protected":false},"author":1,"featured_media":0,"parent":0,"menu_order":0,"comment_status":"closed","ping_status":"closed","template":"","meta":[],"_links":{"self":[{"href":"https:\/\/www.ichildforchild.org\/index.php\/wp-json\/wp\/v2\/pages\/771"}],"collection":[{"href":"https:\/\/www.ichildforchild.org\/index.php\/wp-json\/wp\/v2\/pages"}],"about":[{"href":"https:\/\/www.ichildforchild.org\/index.php\/wp-json\/wp\/v2\/types\/page"}],"author":[{"embeddable":true,"href":"https:\/\/www.ichildforchild.org\/index.php\/wp-json\/wp\/v2\/users\/1"}],"replies":[{"embeddable":true,"href":"https:\/\/www.ichildforchild.org\/index.php\/wp-json\/wp\/v2\/comments?post=771"}],"version-history":[{"count":6,"href":"https:\/\/www.ichildforchild.org\/index.php\/wp-json\/wp\/v2\/pages\/771\/revisions"}],"predecessor-version":[{"id":1574,"href":"https:\/\/www.ichildforchild.org\/index.php\/wp-json\/wp\/v2\/pages\/771\/revisions\/1574"}],"wp:attachment":[{"href":"https:\/\/www.ichildforchild.org\/index.php\/wp-json\/wp\/v2\/media?parent=771"}],"curies":[{"name":"wp","href":"https:\/\/api.w.org\/{rel}","templated":true}]}}