{"id":1418,"date":"2022-02-02T13:19:20","date_gmt":"2022-02-02T13:19:20","guid":{"rendered":"https:\/\/www.ichildforchild.org\/?page_id=1418"},"modified":"2022-02-02T13:19:20","modified_gmt":"2022-02-02T13:19:20","slug":"calisma-usul-ve-esaslari","status":"publish","type":"page","link":"https:\/\/www.ichildforchild.org\/index.php\/calisma-usul-ve-esaslari\/","title":{"rendered":"\u00c7al\u0131\u015fma Usul ve Esaslar\u0131"},"content":{"rendered":"\n<p>Sayfa \u0130\u00e7eri\u011fi<\/p>\n","protected":false},"excerpt":{"rendered":"<p>Sayfa \u0130\u00e7eri\u011fi<\/p>\n","protected":false},"author":1,"featured_media":0,"parent":0,"menu_order":0,"comment_status":"closed","ping_status":"closed","template":"","meta":[],"_links":{"self":[{"href":"https:\/\/www.ichildforchild.org\/index.php\/wp-json\/wp\/v2\/pages\/1418"}],"collection":[{"href":"https:\/\/www.ichildforchild.org\/index.php\/wp-json\/wp\/v2\/pages"}],"about":[{"href":"https:\/\/www.ichildforchild.org\/index.php\/wp-json\/wp\/v2\/types\/page"}],"author":[{"embeddable":true,"href":"https:\/\/www.ichildforchild.org\/index.php\/wp-json\/wp\/v2\/users\/1"}],"replies":[{"embeddable":true,"href":"https:\/\/www.ichildforchild.org\/index.php\/wp-json\/wp\/v2\/comments?post=1418"}],"version-history":[{"count":1,"href":"https:\/\/www.ichildforchild.org\/index.php\/wp-json\/wp\/v2\/pages\/1418\/revisions"}],"predecessor-version":[{"id":1419,"href":"https:\/\/www.ichildforchild.org\/index.php\/wp-json\/wp\/v2\/pages\/1418\/revisions\/1419"}],"wp:attachment":[{"href":"https:\/\/www.ichildforchild.org\/index.php\/wp-json\/wp\/v2\/media?parent=1418"}],"curies":[{"name":"wp","href":"https:\/\/api.w.org\/{rel}","templated":true}]}}